{"id":1045,"date":"2017-07-05T10:41:35","date_gmt":"2017-07-05T10:41:35","guid":{"rendered":"http:\/\/www.fornetti.evomio.com\/?page_id=1045"},"modified":"2023-05-23T11:01:50","modified_gmt":"2023-05-23T11:01:50","slug":"asistenta-tehnica","status":"publish","type":"page","link":"https:\/\/www.fornetti.md\/?page_id=1045","title":{"rendered":"Asisten\u021b\u0103 tehnic\u0103"},"content":{"rendered":"<p>Untitatea de coacere necesar\u0103 coacerii produselor Fornetti este asigurat\u0103 de c\u0103tre francizor, prin urmare, aceasta nu trebuie cump\u0103rat\u0103.<\/p>\n<p>Amplasarea cuptoarelor este foarte simpl\u0103, acestea contribuind cu aspectul lor la realizarea unei atmosfere pl\u0103cute \u015fi a unui aspect unitar. Unitatea de coacere trebuie amplasat\u0103 \u00eentr-un loc vizibil \u015fi accesibil \u00een spa\u0163iul de v\u00e2nzare, de unde coacerea produselor Fornetti, servirea \u015fi mirosul produselor proasp\u0103t coapte ademenesc clien\u0163ii.<br \/>\n\u00cen cazul defect\u0103rii unit\u0103\u0163ilor de coacere, colegii no\u015ftri de la reprezentan\u0163a comercial\u0103 elimin\u0103 defec\u0163iunea \u00een termen de 48 ore, pe cheltuiala francizorului.<\/p>\n<p><strong>Consiliere tehnologic\u0103<\/strong><br \/>\nAmplasarea unit\u0103\u0163ilor de coacere \u015fi instruirea asupra tehnologiei de coacere are loc dup\u0103 asigurarea condi\u0163iilor tehnice la un termen programat \u00een prealabil. Speciali\u015ftii verific\u0103 \u00een mod regulat respectarea prevederilor tehnice \u015fi de igien\u0103 precum \u015fi calitatea produselor coapte. Pentru asigurarea unei calit\u0103\u0163i standard de nivel \u00eenalt, reprezentan\u0163ii Fornetti ajut\u0103 partenerii cu sfaturi \u015fi instruiri.<\/p>\n","protected":false},"excerpt":{"rendered":"<p>Untitatea de coacere necesar\u0103 coacerii produselor Fornetti este asigurat\u0103 de c\u0103tre francizor, prin urmare, aceasta nu trebuie cump\u0103rat\u0103. Amplasarea cuptoarelor este foarte simpl\u0103, acestea contribuind cu aspectul lor la realizarea unei atmosfere pl\u0103cute \u015fi a unui aspect unitar. Unitatea de coacere trebuie amplasat\u0103 \u00eentr-un loc vizibil \u015fi accesibil \u00een spa\u0163iul de v\u00e2nzare, de unde coacerea [&hellip;]<\/p>\n","protected":false},"author":2,"featured_media":0,"parent":0,"menu_order":0,"comment_status":"closed","ping_status":"closed","template":"template-page-full-width.php","meta":{"footnotes":""},"_links":{"self":[{"href":"https:\/\/www.fornetti.md\/index.php?rest_route=\/wp\/v2\/pages\/1045"}],"collection":[{"href":"https:\/\/www.fornetti.md\/index.php?rest_route=\/wp\/v2\/pages"}],"about":[{"href":"https:\/\/www.fornetti.md\/index.php?rest_route=\/wp\/v2\/types\/page"}],"author":[{"embeddable":true,"href":"https:\/\/www.fornetti.md\/index.php?rest_route=\/wp\/v2\/users\/2"}],"replies":[{"embeddable":true,"href":"https:\/\/www.fornetti.md\/index.php?rest_route=%2Fwp%2Fv2%2Fcomments&post=1045"}],"version-history":[{"count":4,"href":"https:\/\/www.fornetti.md\/index.php?rest_route=\/wp\/v2\/pages\/1045\/revisions"}],"predecessor-version":[{"id":3360,"href":"https:\/\/www.fornetti.md\/index.php?rest_route=\/wp\/v2\/pages\/1045\/revisions\/3360"}],"wp:attachment":[{"href":"https:\/\/www.fornetti.md\/index.php?rest_route=%2Fwp%2Fv2%2Fmedia&parent=1045"}],"curies":[{"name":"wp","href":"https:\/\/api.w.org\/{rel}","templated":true}]}}