{"id":1062,"date":"2017-07-05T11:34:21","date_gmt":"2017-07-05T11:34:21","guid":{"rendered":"http:\/\/www.fornetti.evomio.com\/?page_id=1062"},"modified":"2019-01-14T10:25:50","modified_gmt":"2019-01-14T10:25:50","slug":"politica-de-calitate","status":"publish","type":"page","link":"https:\/\/www.fornetti.md\/?page_id=1062","title":{"rendered":"Politica de calitate"},"content":{"rendered":"<p>[vc_row row_type=&#8221;row&#8221; stretch_row_type=&#8221;no&#8221;][vc_column][vc_column_text]Calitatea produselor noastre trebuie s\u0103 \u00eendeplineasc\u0103 cerin\u0163ele specifice, cum ar fi prevederile legale \u00een vigoare, exicen\u021bele clien\u0163ilor, precum \u015fi regulile de siguran\u0163\u0103 alimentar\u0103. Produsele noastre sunt fabricate \u015fi livrate \u00een condi\u0163ii controlate, verificate constant pentru a corespunde tuturor exigen\u021belor (siguran\u0163a produsului, calitate, legalitate, procese de prelucrare \u0219i manevrare). Ne d\u0103m silin\u0163a s\u0103 \u00eendeplinim toate a\u015ftept\u0103rile colaboratorilor \u0219i consumatorilor deopotriv\u0103.<\/p>\n<p>Colegii no\u015ftri \u00ee\u015fi desf\u0103\u0219oar\u0103 activitatea \u00een condi\u021bii stricte de respectare a procesului reglementat de fabrica\u0163ie, a practicii de igien\u0103, prevederilor de siguran\u0163\u0103 alimentar\u0103, celor de mediu, pentru ca produsele noastre s\u0103 poat\u0103 fi consumate \u00een siguran\u021b\u0103 \u0219i s\u0103 corespund\u0103 tuturor a\u015ftept\u0103rilor clien\u0163ilor no\u015ftri.<\/p>\n<p>Compania noastr\u0103 face tot posibilul pentru men\u0163inerea renumelui dob\u00e2ndit prin calitatea produselor, p\u0103strarea \u015fi r\u0103sp\u00e2ndirea calit\u0103\u0163ii, \u00eembun\u0103t\u0103\u0163irea \u015fi \u00eemprosp\u0103tarea continu\u0103 a interdependen\u021bei dintre calitate \u015fi imagine. Acest lucru \u00eens\u0103 se poate realiza doar dac\u0103 fiecare angajat al Companiei noastre este responsabil de domeniul s\u0103u de activitate. Pentru acest lucru, cei care particip\u0103 la procesul de produc\u0163ie sunt implica\u0163i \u00een discu\u021bii permanente, privind modific\u0103rile necesare pentru \u00eembun\u0103t\u0103\u0163irea calit\u0103\u0163ii \u00een scopul evalu\u0103rii experien\u021bei lor. Pentru func\u0163ionarea eficace a sistemului, fiecare angajat poart\u0103 responsabilitate personal\u0103.<\/p>\n<p>Compania noastr\u0103 sus\u0163ine \u015fi propag\u0103 modul de g\u00e2ndire sustenabil \u015fi tinde spre o interac\u021biune c\u00e2t mai econom\u0103 \u015fi prietenoas\u0103 cu mediul, contribuie la \u00eembun\u0103t\u0103\u0163irea condi\u0163iilor sociale, iar angaja\u0163ii no\u015ftri \u00ee\u015fi desf\u0103\u015foar\u0103 activitatea cotidian\u0103 respect\u00e2nd aceste principii.<br \/>\nPentru atingerea scopurilor noastre este nevoie de o comunicare eficient\u0103 \u00eentre angaja\u0163i, preg\u0103tire profesional\u0103 a angaja\u0163ilor referitor la aplicarea sistemului at\u00e2t pe plan teoretic c\u00e2t \u015fi \u00een practic\u0103.<\/p>\n<p>Preg\u0103tirea angaja\u0163ilor no\u0219tri este asigurat\u0103 prin participarea la instruiri profesionale \u015fi cursuri, cu ajutorul c\u0103rora ace\u015ftia cap\u0103t\u0103 o imagine ampl\u0103 despre cerin\u0163ele de pia\u0163\u0103 \u015fi inova\u0163iile tehnologice \u015fi tehnice. Toate acestea constituie baza dezvolt\u0103rii.<br \/>\nFiecare angajat trebuie s\u0103 fie deschis \u015fi receptiv la toate observa\u021biile clien\u0163ilor referitoare la calitatea produselor \u015fi obiceiurile lor. Scopul nostru este respectarea \u015fi luarea \u00een considerare a s\u0103n\u0103t\u0103\u0163ii, a intereselor \u015fi dorin\u0163elor consumatorilor; pentru acest lucru p\u0103str\u0103m leg\u0103tur\u0103 str\u00e2ns\u0103 cu ei pentru a ne putea informa \u00eencontinuu despre cerin\u0163ele \u015fi a\u015ftept\u0103rile acestora, s\u0103 c\u00e2\u015ftig\u0103m \u015fi s\u0103 p\u0103str\u0103m \u00eencrederea lor, \u00eendeplinind astfel scopul nostru.<\/p>\n<p>Un alt punct de vedere primordial este p\u0103strarea rolului de lider pe pia\u0163\u0103 \u015fi \u00eembun\u0103t\u0103\u0163irea continu\u0103 a calit\u0103\u0163ii. Condi\u0163ia fundamental\u0103 a unei particip\u0103ri cu succes pe pia\u0163\u0103 este fabricarea produselor de calitate, seriozitate, conduit\u0103 comercial\u0103 etic\u0103, pentru care fiecare angajat trebuie s\u0103 \u00ee\u015fi asume responsabilitatea. Scopul nostru este supravegherea continu\u0103 a furnizorilor \u015fi subantreprenorilor no\u015ftri, precum \u015fi integrarea lor \u00een dezvoltarea continu\u0103 prin comunicare corespunz\u0103toare pentru atingerea unei calit\u0103\u0163ii excelente\u00a0 a produc\u021biei \u0219i deservirii.<br \/>\nCalitatea constant\u0103 a produselor noastre este garantat\u0103 de marca \u00eenregistrat\u0103 Fornetti.<\/p>\n<p>Fundamentul competitivit\u0103\u0163ii companiei noastre este aprecierea clien\u0163ilor. Ne str\u0103duim ca modul de g\u00e2ndire productiv \u015fi spiritul de responsabilitate s\u0103 devin\u0103 practic\u0103 de zi cu zi la toate nivelele companiei noastre. Pentru atingerea acestor scopuri am sim\u0163it nevoia implement\u0103rii, document\u0103rii \u015fi aplic\u0103rii sistemului de siguran\u0163\u0103 alimentar\u0103 IFS Food \u015fi FSSC 22000.<\/p>\n<p>Sebastian Gooding<br \/>\nCEO Fornetti Group[\/vc_column_text][\/vc_column][\/vc_row]<\/p>\n","protected":false},"excerpt":{"rendered":"<p>[vc_row row_type=&#8221;row&#8221; stretch_row_type=&#8221;no&#8221;][vc_column][vc_column_text]Calitatea produselor noastre trebuie s\u0103 \u00eendeplineasc\u0103 cerin\u0163ele specifice, cum ar fi prevederile legale \u00een vigoare, exicen\u021bele clien\u0163ilor, precum \u015fi regulile de siguran\u0163\u0103 alimentar\u0103. Produsele noastre sunt fabricate \u015fi livrate \u00een condi\u0163ii controlate, verificate constant pentru a corespunde tuturor exigen\u021belor (siguran\u0163a produsului, calitate, legalitate, procese de prelucrare \u0219i manevrare). Ne d\u0103m silin\u0163a s\u0103 \u00eendeplinim [&hellip;]<\/p>\n","protected":false},"author":2,"featured_media":0,"parent":0,"menu_order":0,"comment_status":"closed","ping_status":"closed","template":"template-page-full-width.php","meta":{"footnotes":""},"_links":{"self":[{"href":"https:\/\/www.fornetti.md\/index.php?rest_route=\/wp\/v2\/pages\/1062"}],"collection":[{"href":"https:\/\/www.fornetti.md\/index.php?rest_route=\/wp\/v2\/pages"}],"about":[{"href":"https:\/\/www.fornetti.md\/index.php?rest_route=\/wp\/v2\/types\/page"}],"author":[{"embeddable":true,"href":"https:\/\/www.fornetti.md\/index.php?rest_route=\/wp\/v2\/users\/2"}],"replies":[{"embeddable":true,"href":"https:\/\/www.fornetti.md\/index.php?rest_route=%2Fwp%2Fv2%2Fcomments&post=1062"}],"version-history":[{"count":9,"href":"https:\/\/www.fornetti.md\/index.php?rest_route=\/wp\/v2\/pages\/1062\/revisions"}],"predecessor-version":[{"id":1780,"href":"https:\/\/www.fornetti.md\/index.php?rest_route=\/wp\/v2\/pages\/1062\/revisions\/1780"}],"wp:attachment":[{"href":"https:\/\/www.fornetti.md\/index.php?rest_route=%2Fwp%2Fv2%2Fmedia&parent=1062"}],"curies":[{"name":"wp","href":"https:\/\/api.w.org\/{rel}","templated":true}]}}