{"id":1316,"date":"2018-03-06T03:16:44","date_gmt":"2018-03-06T03:16:44","guid":{"rendered":"http:\/\/www.fornetti.md\/?page_id=1316"},"modified":"2022-08-26T06:29:02","modified_gmt":"2022-08-26T06:29:02","slug":"cu-branza-si-marar","status":"publish","type":"page","link":"https:\/\/www.fornetti.md\/?page_id=1316","title":{"rendered":"Mini cu br\u00e2nz\u0103 \u0219i m\u0103rar"},"content":{"rendered":"<h2 style=\"text-align: center;\">Mini cu br\u00e2nz\u0103 \u0219i m\u0103rar<\/h2>\n<p style=\"text-align: center;\"><a href=\"http:\/\/www.fornetti.md\/produse-mini\/cu-branza-si-marar\/\" target=\"_blank\" rel=\"noopener\"><img loading=\"lazy\" decoding=\"async\" class=\"aligncenter wp-image-1317 size-medium\" src=\"http:\/\/www.fornetti.md\/wp-content\/uploads\/2018\/03\/mini7_1-300x207-300x207.png\" alt=\"\" width=\"300\" height=\"207\" \/><\/a>Franzelu\u021b\u0103 din foietaj fin \u0219i crocant, cu umplutur\u0103 moale din br\u00e2nz\u0103 de vaci cu m\u0103rar<\/p>\n<p style=\"text-align: center;\">\n<table class=\"data aligncenter\" style=\"height: 181px;\" width=\"349\">\n<tbody>\n<tr>\n<td class=\"value\"><span style=\"color: #000000;\">Greutatea<\/span><\/td>\n<td class=\"value\"><span style=\"color: #000000;\">30<\/span><\/td>\n<\/tr>\n<tr>\n<td class=\"value\"><span style=\"color: #000000;\">Valoarea energetic\u0103 (kJ\/100g)<\/span><\/td>\n<td class=\"value\"><span style=\"color: #000000;\">1140.20<\/span><\/td>\n<\/tr>\n<tr>\n<td class=\"value\"><span style=\"color: #000000;\">Valoarea nutritiv\u0103 (kcal\/100g)<\/span><\/td>\n<td class=\"value\"><span style=\"color: #000000;\">272.50<\/span><\/td>\n<\/tr>\n<tr>\n<td class=\"value\"><span style=\"color: #000000;\">Proteine (g\/100g)<\/span><\/td>\n<td class=\"value\"><span style=\"color: #000000;\">7.10<\/span><\/td>\n<\/tr>\n<tr>\n<td class=\"value\"><span style=\"color: #000000;\">Carbohidra\u021bi (g\/100g)<\/span><\/td>\n<td class=\"value\"><span style=\"color: #000000;\">27.90<\/span><\/td>\n<\/tr>\n<tr>\n<td class=\"value\"><span style=\"color: #000000;\">Gr\u0103simi (g\/100g)<\/span><\/td>\n<td class=\"value\"><span style=\"color: #000000;\">14.50<\/span><\/td>\n<\/tr>\n<\/tbody>\n<\/table>\n<p style=\"text-align: center;\">\n","protected":false},"excerpt":{"rendered":"<p>Mini cu br\u00e2nz\u0103 \u0219i m\u0103rar Franzelu\u021b\u0103 din foietaj fin \u0219i crocant, cu umplutur\u0103 moale din br\u00e2nz\u0103 de vaci cu m\u0103rar Greutatea 30 Valoarea energetic\u0103 (kJ\/100g) 1140.20 Valoarea nutritiv\u0103 (kcal\/100g) 272.50 Proteine (g\/100g) 7.10 Carbohidra\u021bi (g\/100g) 27.90 Gr\u0103simi (g\/100g) 14.50<\/p>\n","protected":false},"author":2,"featured_media":0,"parent":1218,"menu_order":0,"comment_status":"closed","ping_status":"closed","template":"template-page-full-width-vc.php","meta":{"footnotes":""},"_links":{"self":[{"href":"https:\/\/www.fornetti.md\/index.php?rest_route=\/wp\/v2\/pages\/1316"}],"collection":[{"href":"https:\/\/www.fornetti.md\/index.php?rest_route=\/wp\/v2\/pages"}],"about":[{"href":"https:\/\/www.fornetti.md\/index.php?rest_route=\/wp\/v2\/types\/page"}],"author":[{"embeddable":true,"href":"https:\/\/www.fornetti.md\/index.php?rest_route=\/wp\/v2\/users\/2"}],"replies":[{"embeddable":true,"href":"https:\/\/www.fornetti.md\/index.php?rest_route=%2Fwp%2Fv2%2Fcomments&post=1316"}],"version-history":[{"count":18,"href":"https:\/\/www.fornetti.md\/index.php?rest_route=\/wp\/v2\/pages\/1316\/revisions"}],"predecessor-version":[{"id":3197,"href":"https:\/\/www.fornetti.md\/index.php?rest_route=\/wp\/v2\/pages\/1316\/revisions\/3197"}],"up":[{"embeddable":true,"href":"https:\/\/www.fornetti.md\/index.php?rest_route=\/wp\/v2\/pages\/1218"}],"wp:attachment":[{"href":"https:\/\/www.fornetti.md\/index.php?rest_route=%2Fwp%2Fv2%2Fmedia&parent=1316"}],"curies":[{"name":"wp","href":"https:\/\/api.w.org\/{rel}","templated":true}]}}