{"id":1597,"date":"2018-09-25T05:52:24","date_gmt":"2018-09-25T05:52:24","guid":{"rendered":"http:\/\/www.fornetti.md\/?page_id=1597"},"modified":"2023-01-25T09:05:05","modified_gmt":"2023-01-25T09:05:05","slug":"partener-de-franciza","status":"publish","type":"page","link":"https:\/\/www.fornetti.md\/?page_id=1597","title":{"rendered":"Partener de franciz\u0103"},"content":{"rendered":"<p>[vc_row row_type=&#8221;row&#8221; stretch_row_type=&#8221;no&#8221;][vc_column][vc_column_text]<\/p>\n<div>Pentru ini\u021bierea afacerii este nevoie de spa\u021biu comercial, care trebuie s\u0103 corespund\u0103 rigorilor specificate ulterior:<\/div>\n<div><span style=\"color: #000000;\"><strong>Cerin\u021be fa\u021b\u0103 de parteneri\u00a0 pentru amenajarea inc\u0103perii:<\/strong><\/span><\/div>\n<div>&#8211; Existen\u021ba unui spa\u021biu comercial\u00a0 de 15-20 m\u00b2 sau minimum 10 m\u00b2;<br \/>\n&#8211; Dotare cu apa, canalizare, electricitate.<\/div>\n<div><span style=\"color: #000000;\"><strong>Utilajul \u0219i facilit\u0103\u021bile, oferite de francizor in baza contractului de colaborare:<\/strong><\/span><\/div>\n<div>&#8211; Utilaj (cuptor si raft dospitor cu instrumente de lucru) contra unei garan\u021bii returnabile pe toata durata contractului, bani care se restituie la rezilierea contractului;<\/div>\n<div>&#8211; Taxa de intrare \u00een franciz\u0103 nu se achit\u0103, ce semnific\u0103 inten\u021bia Fornetti de sus\u021binere a micului business din Republica Moldova cu un aport maximal din partea noastr\u0103 \u0219i pentru facilitarea deschiderii unui punct Fornetti cu o investi\u021bie minim\u0103;<\/div>\n<div>&#8211; Repara\u021bie gratuit\u0103 a utilajului;<\/div>\n<div>&#8211; Instruire gratuit\u0103 a personalului \u00een tehnologia de coacere a produselor Fornetti;<\/div>\n<div>&#8211; Distribu\u021bie gratuit\u0103 a m\u0103rfii in toate regiunile Republicii Moldova pe toat\u0103 durata contractului.<\/div>\n<div>\n<p>Acestea sunt condi\u021biile generale de colaborare. Pentru detalii contacta\u021bi-ne telefonic sau prin e-mail. Preventiv, p\u00e2n\u0103 la perfectarea contractului, depune\u021bi cererea pentru deschiderea magazinului, care poate fi descarcat\u0103 in rubrica<span style=\"color: #ff6600;\"> <a style=\"color: #ff6600;\" href=\"http:\/\/www.fornetti.md\/wp-content\/uploads\/2021\/12\/CERERE-SPRE-AVIZAREA-SPATIULUI-1.pdf\"><strong>Download<\/strong><\/a><strong>.<\/strong><\/span><\/p>\n<\/div>\n<p>[\/vc_column_text][\/vc_column][\/vc_row]<\/p>\n","protected":false},"excerpt":{"rendered":"<p>[vc_row row_type=&#8221;row&#8221; stretch_row_type=&#8221;no&#8221;][vc_column][vc_column_text] Pentru ini\u021bierea afacerii este nevoie de spa\u021biu comercial, care trebuie s\u0103 corespund\u0103 rigorilor specificate ulterior: Cerin\u021be fa\u021b\u0103 de parteneri\u00a0 pentru amenajarea inc\u0103perii: &#8211; Existen\u021ba unui spa\u021biu comercial\u00a0 de 15-20 m\u00b2 sau minimum 10 m\u00b2; &#8211; Dotare cu apa, canalizare, electricitate. Utilajul \u0219i facilit\u0103\u021bile, oferite de francizor in baza contractului de colaborare: &#8211; [&hellip;]<\/p>\n","protected":false},"author":2,"featured_media":0,"parent":1595,"menu_order":0,"comment_status":"closed","ping_status":"closed","template":"template-page-full-width.php","meta":{"footnotes":""},"_links":{"self":[{"href":"https:\/\/www.fornetti.md\/index.php?rest_route=\/wp\/v2\/pages\/1597"}],"collection":[{"href":"https:\/\/www.fornetti.md\/index.php?rest_route=\/wp\/v2\/pages"}],"about":[{"href":"https:\/\/www.fornetti.md\/index.php?rest_route=\/wp\/v2\/types\/page"}],"author":[{"embeddable":true,"href":"https:\/\/www.fornetti.md\/index.php?rest_route=\/wp\/v2\/users\/2"}],"replies":[{"embeddable":true,"href":"https:\/\/www.fornetti.md\/index.php?rest_route=%2Fwp%2Fv2%2Fcomments&post=1597"}],"version-history":[{"count":17,"href":"https:\/\/www.fornetti.md\/index.php?rest_route=\/wp\/v2\/pages\/1597\/revisions"}],"predecessor-version":[{"id":3283,"href":"https:\/\/www.fornetti.md\/index.php?rest_route=\/wp\/v2\/pages\/1597\/revisions\/3283"}],"up":[{"embeddable":true,"href":"https:\/\/www.fornetti.md\/index.php?rest_route=\/wp\/v2\/pages\/1595"}],"wp:attachment":[{"href":"https:\/\/www.fornetti.md\/index.php?rest_route=%2Fwp%2Fv2%2Fmedia&parent=1597"}],"curies":[{"name":"wp","href":"https:\/\/api.w.org\/{rel}","templated":true}]}}