{"id":2007,"date":"2021-04-19T04:52:00","date_gmt":"2021-04-19T04:52:00","guid":{"rendered":"http:\/\/www.fornetti.md\/?page_id=2007"},"modified":"2022-08-26T07:25:23","modified_gmt":"2022-08-26T07:25:23","slug":"l-triunghi-cu-pizza","status":"publish","type":"page","link":"https:\/\/www.fornetti.md\/?page_id=2007","title":{"rendered":"L Triunghi cu pizza"},"content":{"rendered":"\n<p>[vc_column][vc_column_text]<\/p>\n\n\n\n<p class=\"has-text-align-center\" style=\"font-size:clamp(14.642px, 0.915rem + ((1vw - 3.2px) * 0.766), 22px);px\"><strong>L TRIUNGHI CU PIZZA<\/strong><\/p>\n\n\n\n<figure class=\"wp-block-image aligncenter size-large is-style-default\"><img loading=\"lazy\" decoding=\"async\" width=\"410\" height=\"273\" src=\"http:\/\/www.fornetti.md\/wp-content\/uploads\/2021\/04\/L-triunghi-pizza.png\" alt=\"\" class=\"wp-image-2008\" srcset=\"https:\/\/www.fornetti.md\/wp-content\/uploads\/2021\/04\/L-triunghi-pizza.png 410w, https:\/\/www.fornetti.md\/wp-content\/uploads\/2021\/04\/L-triunghi-pizza-300x200.png 300w\" sizes=\"(max-width: 410px) 100vw, 410px\" \/><\/figure>\n\n\n\n<p class=\"has-text-align-center\">Foietaj cu umplutur\u0103 cu \u0219unc\u0103, concentrat de ro\u0219ii \u0219i ca\u0219caval, predospit (nu necesit\u0103 dospire)<\/p>\n\n\n\n<figure class=\"wp-block-table aligncenter\"><table><tbody><tr><td>Valoare nutritiv\u0103 medie \u00een 100g de produse<\/td><\/tr><tr><td>Valoare energetic\u0103 (kcal\/100g)<\/td><td>375<\/td><\/tr><tr><td>Alergeni<\/td><td>gluten, soia, lapte<br>\u0219i produse derivate<\/td><\/tr><\/tbody><\/table><\/figure>\n\n\n\n<p><\/p>\n","protected":false},"excerpt":{"rendered":"<p>[vc_column][vc_column_text] L TRIUNGHI CU PIZZA Foietaj cu umplutur\u0103 cu \u0219unc\u0103, concentrat de ro\u0219ii \u0219i ca\u0219caval, predospit (nu necesit\u0103 dospire) Valoare nutritiv\u0103 medie \u00een 100g de produse Valoare energetic\u0103 (kcal\/100g) 375 Alergeni gluten, soia, lapte\u0219i produse derivate<\/p>\n","protected":false},"author":2,"featured_media":0,"parent":1250,"menu_order":0,"comment_status":"closed","ping_status":"closed","template":"template-page-full-width-vc.php","meta":{"footnotes":""},"_links":{"self":[{"href":"https:\/\/www.fornetti.md\/index.php?rest_route=\/wp\/v2\/pages\/2007"}],"collection":[{"href":"https:\/\/www.fornetti.md\/index.php?rest_route=\/wp\/v2\/pages"}],"about":[{"href":"https:\/\/www.fornetti.md\/index.php?rest_route=\/wp\/v2\/types\/page"}],"author":[{"embeddable":true,"href":"https:\/\/www.fornetti.md\/index.php?rest_route=\/wp\/v2\/users\/2"}],"replies":[{"embeddable":true,"href":"https:\/\/www.fornetti.md\/index.php?rest_route=%2Fwp%2Fv2%2Fcomments&post=2007"}],"version-history":[{"count":8,"href":"https:\/\/www.fornetti.md\/index.php?rest_route=\/wp\/v2\/pages\/2007\/revisions"}],"predecessor-version":[{"id":3216,"href":"https:\/\/www.fornetti.md\/index.php?rest_route=\/wp\/v2\/pages\/2007\/revisions\/3216"}],"up":[{"embeddable":true,"href":"https:\/\/www.fornetti.md\/index.php?rest_route=\/wp\/v2\/pages\/1250"}],"wp:attachment":[{"href":"https:\/\/www.fornetti.md\/index.php?rest_route=%2Fwp%2Fv2%2Fmedia&parent=2007"}],"curies":[{"name":"wp","href":"https:\/\/api.w.org\/{rel}","templated":true}]}}