{"id":2641,"date":"2021-11-23T11:26:59","date_gmt":"2021-11-23T11:26:59","guid":{"rendered":"http:\/\/www.fornetti.md\/?page_id=2641"},"modified":"2022-08-25T08:31:55","modified_gmt":"2022-08-25T08:31:55","slug":"mini-cu-bacon","status":"publish","type":"page","link":"https:\/\/www.fornetti.md\/?page_id=2641","title":{"rendered":"Mini cu bacon"},"content":{"rendered":"\n<p><\/p>\n\n\n\n<h2 class=\"has-text-align-center wp-block-heading\"><strong>Mini cu bacon<\/strong><\/h2>\n\n\n\n<div class=\"wp-block-group is-layout-flow wp-block-group-is-layout-flow\">\n<div class=\"wp-block-columns is-layout-flex wp-container-core-columns-is-layout-1 wp-block-columns-is-layout-flex\">\n<div class=\"wp-block-column is-layout-flow wp-block-column-is-layout-flow\" style=\"flex-basis:100%\">\n<figure class=\"wp-block-image aligncenter is-style-default\"><a href=\"http:\/\/www.fornetti.md\/produse-mini\/mini-cu-bacon\"><img decoding=\"async\" src=\"http:\/\/www.fornetti.md\/wp-content\/uploads\/2021\/11\/bacon.png\" alt=\"Aceast\u0103 imagine are atributul alt gol; numele fi\u0219ierului este bacon.png\"\/><\/a><\/figure>\n<\/div>\n<\/div>\n<\/div>\n\n\n\n<p class=\"has-text-align-center\">Mini-foietaj cu umplutur\u0103 fin\u0103 de bacon<\/p>\n\n\n\n<figure class=\"wp-block-table aligncenter\"><table><tbody><tr><td>Greutatea<\/td><td>30<\/td><\/tr><tr><td>Valoare nutritiv\u0103 medie \u00een 100g de produse<\/td><\/tr><tr><td>Valoare energetic\u0103 (kJ\/100g)<\/td><td>1153<\/td><\/tr><tr><td>Valoare energetic\u0103 (kcal\/100g)<\/td><td>276<\/td><\/tr><tr><td>Gr\u0103simi (g\/100g)<\/td><td>19.8<\/td><\/tr><tr><td>Saturated fatty acids (g\/100g)<\/td><td>9<\/td><\/tr><tr><td>Carbohidra\u0163i (g\/100g)<\/td><td>22.0<\/td><\/tr><tr><td>\ufeff<\/td><td>\ufeff<\/td><\/tr><tr><td>Proteine (g\/100g)<\/td><td>9.8<\/td><\/tr><tr><td>Sare (NaCl) (g\/100g)<\/td><td>0.65<\/td><\/tr><tr><td>Alergeni<\/td><td>ou, gluten<\/td><\/tr><\/tbody><\/table><\/figure>\n","protected":false},"excerpt":{"rendered":"<p>Mini cu bacon Mini-foietaj cu umplutur\u0103 fin\u0103 de bacon Greutatea 30 Valoare nutritiv\u0103 medie \u00een 100g de produse Valoare energetic\u0103 (kJ\/100g) 1153 Valoare energetic\u0103 (kcal\/100g) 276 Gr\u0103simi (g\/100g) 19.8 Saturated fatty acids (g\/100g) 9 Carbohidra\u0163i (g\/100g) 22.0 \ufeff \ufeff Proteine (g\/100g) 9.8 Sare (NaCl) (g\/100g) 0.65 Alergeni ou, gluten<\/p>\n","protected":false},"author":2,"featured_media":0,"parent":1218,"menu_order":0,"comment_status":"closed","ping_status":"closed","template":"template-page-full-width-vc.php","meta":{"footnotes":""},"_links":{"self":[{"href":"https:\/\/www.fornetti.md\/index.php?rest_route=\/wp\/v2\/pages\/2641"}],"collection":[{"href":"https:\/\/www.fornetti.md\/index.php?rest_route=\/wp\/v2\/pages"}],"about":[{"href":"https:\/\/www.fornetti.md\/index.php?rest_route=\/wp\/v2\/types\/page"}],"author":[{"embeddable":true,"href":"https:\/\/www.fornetti.md\/index.php?rest_route=\/wp\/v2\/users\/2"}],"replies":[{"embeddable":true,"href":"https:\/\/www.fornetti.md\/index.php?rest_route=%2Fwp%2Fv2%2Fcomments&post=2641"}],"version-history":[{"count":33,"href":"https:\/\/www.fornetti.md\/index.php?rest_route=\/wp\/v2\/pages\/2641\/revisions"}],"predecessor-version":[{"id":3187,"href":"https:\/\/www.fornetti.md\/index.php?rest_route=\/wp\/v2\/pages\/2641\/revisions\/3187"}],"up":[{"embeddable":true,"href":"https:\/\/www.fornetti.md\/index.php?rest_route=\/wp\/v2\/pages\/1218"}],"wp:attachment":[{"href":"https:\/\/www.fornetti.md\/index.php?rest_route=%2Fwp%2Fv2%2Fmedia&parent=2641"}],"curies":[{"name":"wp","href":"https:\/\/api.w.org\/{rel}","templated":true}]}}