{"id":2980,"date":"2022-05-16T08:56:46","date_gmt":"2022-05-16T08:56:46","guid":{"rendered":"http:\/\/www.fornetti.md\/?page_id=2980"},"modified":"2022-05-16T14:01:10","modified_gmt":"2022-05-16T14:01:10","slug":"mini-cu-mac-si-crema","status":"publish","type":"page","link":"https:\/\/www.fornetti.md\/?page_id=2980","title":{"rendered":"Mini cu mac \u0219i crem\u0103"},"content":{"rendered":"\n<h2 class=\"has-text-align-center wp-block-heading\">Mini cu mac \u0219i crem\u0103<\/h2>\n\n\n\n<div class=\"wp-block-image\"><figure class=\"aligncenter size-large\"><img decoding=\"async\" src=\"http:\/\/www.fornetti.md\/wp-content\/uploads\/2022\/05\/Mac-1.png\" alt=\"\" class=\"wp-image-2985\"\/><\/figure><\/div>\n\n\n\n<p class=\"has-text-align-center\">Foietaj predospit, congelat rapid, cu umplutur\u0103 de crem\u0103 cu gust de lapte \u0219i de mac<\/p>\n\n\n\n<figure class=\"wp-block-table aligncenter\"><table><tbody><tr><td>Greutate produs:<\/td><td>29<\/td><\/tr><tr><td>Valoare nutritiv\u0103 medie \u00een 100g de produse<\/td><\/tr><tr><td>Valoare energetic\u0103 (kJ\/100g)<\/td><td>1566<\/td><\/tr><tr><td>Valoare energetic\u0103 (kcal\/100g)<\/td><td>374<\/td><\/tr><tr><td>Gr\u0103simi (g\/100g)<\/td><td>18,2<\/td><\/tr><tr><td>Saturated fatty acids (g\/100g)<\/td><td>8,5<\/td><\/tr><tr><td>Carbohidra\u0163i (g\/100g)<\/td><td>43,6<\/td><\/tr><tr><td>Zah\u0103r<\/td><td>15,4<\/td><\/tr><tr><td>Proteine (g\/100g)<\/td><td>7,8<\/td><\/tr><tr><td>Sare (NaCl) (g\/100g)<\/td><td>0.7<\/td><\/tr><tr><td>Alergeni<\/td><td>Gluten, ou<\/td><\/tr><\/tbody><\/table><\/figure>\n","protected":false},"excerpt":{"rendered":"<p>Mini cu mac \u0219i crem\u0103 Foietaj predospit, congelat rapid, cu umplutur\u0103 de crem\u0103 cu gust de lapte \u0219i de mac Greutate produs: 29 Valoare nutritiv\u0103 medie \u00een 100g de produse Valoare energetic\u0103 (kJ\/100g) 1566 Valoare energetic\u0103 (kcal\/100g) 374 Gr\u0103simi (g\/100g) 18,2 Saturated fatty acids (g\/100g) 8,5 Carbohidra\u0163i (g\/100g) 43,6 Zah\u0103r 15,4 Proteine (g\/100g) 7,8 Sare [&hellip;]<\/p>\n","protected":false},"author":2,"featured_media":0,"parent":1218,"menu_order":0,"comment_status":"closed","ping_status":"closed","template":"template-page-full-width-vc.php","meta":{"footnotes":""},"_links":{"self":[{"href":"https:\/\/www.fornetti.md\/index.php?rest_route=\/wp\/v2\/pages\/2980"}],"collection":[{"href":"https:\/\/www.fornetti.md\/index.php?rest_route=\/wp\/v2\/pages"}],"about":[{"href":"https:\/\/www.fornetti.md\/index.php?rest_route=\/wp\/v2\/types\/page"}],"author":[{"embeddable":true,"href":"https:\/\/www.fornetti.md\/index.php?rest_route=\/wp\/v2\/users\/2"}],"replies":[{"embeddable":true,"href":"https:\/\/www.fornetti.md\/index.php?rest_route=%2Fwp%2Fv2%2Fcomments&post=2980"}],"version-history":[{"count":4,"href":"https:\/\/www.fornetti.md\/index.php?rest_route=\/wp\/v2\/pages\/2980\/revisions"}],"predecessor-version":[{"id":3171,"href":"https:\/\/www.fornetti.md\/index.php?rest_route=\/wp\/v2\/pages\/2980\/revisions\/3171"}],"up":[{"embeddable":true,"href":"https:\/\/www.fornetti.md\/index.php?rest_route=\/wp\/v2\/pages\/1218"}],"wp:attachment":[{"href":"https:\/\/www.fornetti.md\/index.php?rest_route=%2Fwp%2Fv2%2Fmedia&parent=2980"}],"curies":[{"name":"wp","href":"https:\/\/api.w.org\/{rel}","templated":true}]}}